1?
-1110010
In base 11, what is -13 - 0?
-13
In base 16, what is 10a + 1?
10b
In base 11, what is -2117 - 2?
-2119
In base 6, what is 2 - 1303?
-1301
In base 4, what is -220 + -3100?
-3320
In base 6, what is -51 + -31?
-122
In base 16, what is 5 + -1b?
-16
In base 8, what is 13 - -5?
20
In base 12, what is 55b + -5?
556
In base 12, what is 34 + 2?
36
In base 13, what is 151 - -4?
155
In base 6, what is -2035 - 4?
-2043
In base 2, what is 0 - -11000?
11000
In base 9, what is -1 + -7662?
-7663
In base 9, what is 1 + -57?
-56
In base 4, what is 11011 + -11?
11000
In base 2, what is 10000110000 + -110?
10000101010
In base 9, what is 3 + 5087?
5101
In base 6, what is -41 - 22?
-103
In base 12, what is 3 - 5bb?
-5b8
In base 14, what is -17 + -2?
-19
In base 7, what is -2101 - 3?
-2104
In base 8, what is -12 - -14?
2
In base 3, what is -111122 + -2?
-111201
In base 5, what is 2 + 132141?
132143
In base 12, what is 5 - 682?
-679
In base 9, what is 2 - 8?
-6
In base 3, what is -122200 + -11?
-122211
In base 8, what is -5 + -342?
-347
In base 6, what is -4220 + 4?
-4212
In base 12, what is -4 + 21a0?
2198
In base 7, what is 2 + 6?
11
In base 14, what is -2 - -16d2?
16d0
In base 14, what is -3d7 + 5?
-3d2
In base 12, what is 9b - 3?
98
In base 7, what is -2 + 500?
465
In base 15, what is 14 - 272?
-25d
In base 7, what is 2 + 32?
34
In base 13, what is -1 - 744?
-745
In base 4, what is 2 + 1213?
1221
In base 12, what is -28 - -42?
16
In base 13, what is -2 + -8a?
-8c
In base 3, what is -1121 + -100?
-1221
In base 14, what is -122 + -4?
-126
In base 8, what is 11 + 1215?
1226
In base 13, what is -6 - -8?
2
In base 3, what is -1001 - 120?
-1121
In base 16, what is -2c7 + -2?
-2c9
In base 7, what is 31 - 4?
24
In base 16, what is -182 + a?
-178
In base 16, what is 82d - 1?
82c
In base 11, what is 3 + 189?
191
In base 7, what is -353 + 2?
-351
In base 3, what is 2 + -221?
-212
In base 9, what is -215 + -27?
-243
In base 5, what is -2 + -13211?
-13213
In base 5, what is 1422 - 101?
1321
In base 4, what is -1103 + 11?
-1032
In base 5, what is 410301 + -4?
410242
In base 8, what is -5 + 3?
-2
In base 11, what is -716 + 5?
-711
In base 12, what is a - -19?
27
In base 11, what is 8 - -9?
16
In base 11, what is 19 - -15?
33
In base 10, what is -3 + -6590?
-6593
In base 7, what is 144 + -6?
135
In base 13, what is -6 + 835?
82c
In base 8, what is 1 + 172?
173
In base 10, what is -376 + -4?
-380
In base 8, what is 1 - 61?
-60
In base 10, what is -134 + 22?
-112
In base 8, what is -17 - 577?
-616
In base 9, what is 3 + 323?
326
In base 7, what is -5 - 322?
-330
In base 2, what is 11 + -101000011100?
-101000011001
In base 15, what is -12 + -2?
-14
In base 5, what is 33 + 1114?
1202
In base 16, what is -3 - 6b4?
-6b7
In base 15, what is 2 + 7a1?
7a3
In base 10, what is -10 - 615?
-625
In base 8, what is -16 + -306?
-324
In base 13, what is 15 - 402?
-3ba
In base 16, what is -24 - 4?
-28
In base 2, what is -10111100 - 1?
-10111101
In base 2, what is -11111110 + 10?
-11111100
In base 6, what is 4342 - -24?
4410
In base 15, what is 1 + 719?
71a
In base 14, what is 481 - -b?
48c
In base 8, what is 56 + -77?
-21
In base 15, what is -5 - -b26?
b21
In base 9, what is 16 + -122?
-105
In base 8, what is 16152 - -2?
16154
In base 13, what is 1b + 26?
44
In base 7, what is -2 - 1304?
-1306
In base 12, what is 14 - -5?
19
In base 9, what is 2 + -37?
-35
In base 13, what is 26 - 28?
-2
In base 9, what is 11 + 368?
380
In base 12, what is -3 + -13a?
-141
In base 8, what is 17 - -57?
76
In base 3, what is 10 - 12002?
-11222
In base 3, what is -211021 + -11?
-211102
In base 16, what is 3 - 24?
-21
In base 12, what is -1654 - 4?
-1658
In base 14, what is 11 + 33?
44
In base 15, what is 151 + -6?
14a
In base 5, what is -44410 - 0?
-44410
In base 2, what is 1 - 10101101?
-10101100
In base 15, what is -2ea + -3?
-2ed
In base 7, what is -315 - 204?
-522
In base 4, what is -12022311 + 3?
-12022302
In base 10, what is -2 - -2847?
2845
In base 16, what is -1 - -1e?
1d
In base 2, what is -1011 - -110011?
101000
In base 16, what is 519 + -2?
517
In base 9, what is -17 - -1?
-16
In base 12, what is 4 - -122?
126
In base 13, what is -93 - -18?
-78
In base 12, what is -7a - 4?
-82
In base 15, what is 3 - 52?
-4e
In base 12, what is 2 + a56?
a58
In base 12, what is -4175 - 3?
-4178
In base 4, what is 1 + -220?
-213
In base 14, what is 4 + -a2?
-9c
In base 4, what is -22232002 + 0?
-22232002
In base 8, what is 34 + -465?
-431
In base 13, what is -6 + 54?
4b
In base 8, what is 4670 - 16?
4652
In base 11, what is -1aa + 5?
-1a5
In base 11, what is -12 + 30?
19
In base 5, what is -3331 + 31?
-3300
In base 9, what is 788 + 3?
802
In base 2, what is -1000010110 + 1?
-1000010101
In base 12, what is -18 - 59?
-75
In base 6, what is 4 - 4?
0
In base 12, what is -44b + 3?
-448
In base 7, what is 1510 + 0?
1510
In base 5, what is -3 - 341?
-344
In base 7, what is -323 + 20?
-303
In base 8, what is 344 + -2?
342
In base 4, what is 1 + 233323?
233330
In base 5, what is 2 - 202?
-200
In base 12, what is -25 - 6a?
-93
In base 13, what is -204 - -1?
-203
In base 16, what is -216 + -5?
-21b
In base 14, what is -24 + a?
-18
In base 10, what is -4 + 219?
215
In base 2, what is 100 - -111100011?
111100111
In base 9, what is -3 + 117?
114
In base 12, what is 8a92 - 3?
8a8b
In base 5, what is 14144 + -3?
14141
In base 7, what is -25 + 2?
-23
In base 10, what is -46 + 4?
-42
In base 7, what is -3 + 63?
60
In base 15, what is -20d - 35?
-243
In base 11, what is -167a - -3?
-1677
In base 13, what is c - -112?
121
In base 8, what is 1306 - 4?
1302
In base 16, what is 668 - -b?
673
In base 8, what is -1 + 54?
53
In base 13, what is -29 - -172?
146
In base 9, what is -3 + -10233?
-10236
In base 3, what is -1010 + -1?
-1011
In base 2, what is -11011010001 + -11?
-11011010100
In base 5, what is 3 + -204?
-201
In base 5, what is -1 + 32103?
32102
In base 10, what is -2 - -37?
35
In base 8, what is 0 - -2214?
2214
In base 13, what is 4 - 24?
-20
In base 8, what is 226 + -33?
173
In base 6, what is -330 + -30?
-400
In base 6, what is 1 + -4445?
-4444
In base 2, what is 1010110 - 1?
1010101
In base 2, what is 10000110 + -1?
10000101
In base 8, what is -5 + -226?
-233
In base 9, what is 147 + 3?
151
In base 12, what is 1 - -26?
27
In base 8, what is -20 - 4?
-24
In base 4, what is 120102 - -1?
120103
In base 16, what is b5 + -18?
9d
In base 4, what is 201121 + 11?
201132
In base 3, what is 10102 - 121?
2211
In base 6, what is 5 + 123?
132
In base 4, what is 12013 + 0?
12013
In base 7, what is -3003 + 1?
-3002
In base 3, what is -1 - 1101111?
-1101112
In base 10, what is 76 + 172?
248
In base 16, what is -537 + -d?
-544
In base 5, what is 41223 - -4?
41232
In base 4, what is -1 + -312?
-313
In base 6, what is -105 - 13?
-122
In base 8, what is -254 + 5?
-247
In base 3, what is 22100 - -2111?
101211
In base 13, what is -8 - -b?
3
In base 7, what is -103 + -1?
-104
In base 8, what is -1 - -171?
170
In base 15, what is 31 + 25?
56
In base 5, what is -40 + -40?
-130
In base 16, what is -4 - 12?
-16
In base 8, what is -24227 + 2?
-24225
In base 11, what is 352 - -1?
353
In base 15, what is 11 - 0?
11
In base 10, what is 116 - 1?
115
In base 7, what is 50 + -16?
31
In base 7, what is -235 + -31?
-266
In base 5, what is 0 + -2312?
-2312
In base 13, what is -9 + -7a2?
-7ab
In base 12, what is -4 - -23a?
236
In base 9, what is 4 - 30?
-25
In base 8, what is 11 + -34?
-23
In base 5, what is 0 - 1134?
-1134
In base 12, what is 495 + -1?
494
In base 15, what is -5 + -ea?
-100
In base 14, what is 255 + -17?
23c
In base 5, what is 33 + -12?
21
In base 12, what is -2 + -670?
-672
In base 16, what is -3 - -165?
162
In base 2, what is -10001100 + -100001?
-10101101
In base 16, what is -4aed + -3?
-4af0
In base 15, what is -1b7 - 4?
-1bb
In base 11, what is 1 - 14?
-13
In base 16, what is -57 + -3?
-5a
In base 16, what is 4 + -59?
-55
In base 12, what is 11 + 19b?
1b0
In base 15, what is -2d + -12?
-40
In base 13, what is -167a - 3?
-1680
In base 7, what is 201 + -2?
166
In base 10, what is -10 + 33?
23
In base 4, what is 213 - 13?
200
In base 12, what is -4 + -99?
-a1
In base 9, what is -4 - -5?
1
In base 5, what is -2033 - 0?
-2033
In base 2, wh